s = -g - 8 + 6, -g - 5*s - 22 = 0. Let u(z) = 10*z**2 - 5 + 2*z**3 + 9*z**2 - 2 - 5*z - z**g. Is u(-12) a composite number?
False
Suppose 2*y + 3*v = 6*v + 5419, 4*y - 4*v = 10844. Let q = -1919 + y. Suppose 6*c = c + q. Is c composite?
True
Let d(a) = -13*a + 2865. Let i(c) = -9*c + 1910. Let v = 20 - 15. Let x(p) = v*d(p) - 7*i(p). Is x(0) a composite number?
True
Let p = -150 + 236. Let v = p - 84. Suppose 2746 = v*d + a, 5*a - 6*a = -3*d + 4119. Is d a composite number?
False
Let q = -399 - -166. Let f be 2*5*(372/(-20) + 5). Let v = f - q. Is v prime?
True
Let k(w) = 6*w + 18 + 1212*w**2 - 23*w - w + 1199*w**2. Is k(1) a composite number?
False
Let f(i) = -i**3 + i**2 + 7. Let z be f(0). Let w(b) = 2131*b - 18. Is w(z) a composite number?
True
Let n(l) = -l**3 - 2*l + 1087. Suppose 0 = s + g - 8, 2*s - g - 2*g = -9. Suppose 3*p = 5*p + s*p. Is n(p) prime?
True
Let i(g) = 242*g + 25*g + 70*g - 38 - 6. Is i(7) composite?
True
Suppose -2*v = -3*y + 695367, 231*v = -3*y + 228*v + 695382. Is y composite?
True
Let l = 27926 + -39657. Let z = -7232 - l. Is z composite?
True
Let j be -6 - -2 - (-4 + 0). Suppose 3*k + 4*n - 185 = j, -4*k - n + 2*n + 234 = 0. Is k a prime number?
True
Suppose 6*j = 6857 + 178555. Is j a prime number?
False
Let f = 45 + -21. Let m(q) = -6*q**2 - 52*q - 1. Let l be m(-8). Let a = l + f. Is a a prime number?
False
Let p(c) = -4*c**3 - 17*c**2 + 52*c + 19. Is p(-8) composite?
False
Suppose 2*g - 13076 = -r - 1935, 22300 = 2*r - 5*g. Suppose 4*c + p - r = 2*p, -c - 3*p + 2770 = 0. Is c composite?
True
Let g(n) = 237*n + 282. Let o be g(15). Let v = 2352 + o. Is v composite?
True
Suppose 5*p = n + 121, -9*p - 2*n = -13*p + 98. Suppose -15*j + 184119 = p*j. Is j prime?
True
Let n = -126071 + 211822. Is n composite?
False
Let b = -139 + 164. Is (-172 - b)*(-58)/(2 - 0) prime?
False
Suppose 81631 = 3*g - 98006. Is g a composite number?
False
Let i(t) be the second derivative of 15/2*t**2 + 11/6*t**3 - 2/3*t**4 - 13*t - 1/10*t**5 + 0. Is i(-6) composite?
True
Suppose -348 = 6*s - 9*s. Let j = 135 - s. Is j a prime number?
True
Let d(q) = -1605*q**3 + 4*q**2 - 5*q + 5. Is d(-3) prime?
True
Let z(j) = 411*j + 11. Let i be (-4)/30*-10*3/1. Let c be z(i). Is (c - -2)/((-2)/(-14)) prime?
False
Suppose 2*i = -3*w + 176097, 2*w + i - 62358 = 55039. Is w a composite number?
True
Is 9579089/(-676)*(-4)/1 prime?
True
Suppose -274 = 4*m - n, -5*m = -2*n + 3*n + 338. Let x = 143 - m. Is x a prime number?
True
Let n(v) = -2*v - 2. Let h be n(-2). Suppose 713 = -h*j + 4989. Suppose 2*b = j + 288. Is b a prime number?
True
Let r(f) = 231 + 261 - 11*f + 212*f**2 + 232 + 241*f**2 - 695. Is r(4) a composite number?
True
Suppose 1075*n = 1070*n + 138360. Is n/10 - 58/290 a composite number?
False
Let t = -1312 + 1654. Let v(q) = 10*q**2 - 2*q + 1. Let a be v(5). Let j = t + a. Is j a prime number?
False
Let t = -20725 - -49188. Is t composite?
False
Let a(o) = 14729*o**2 + 10*o - 40. Is a(-3) a composite number?
False
Suppose -5*j - 3*m = -868856, -21*j + 347543 = -19*j + m. Is j composite?
False
Let o(r) = -r**3 + 4*r**2 + 10*r + 21. Let a be o(6). Is 3310*((-5)/35 + a/14) a prime number?
False
Let y = 216 - 129. Is y/12*87 + (-4)/(-16) composite?
False
Suppose 3*c = 2*c - 10. Let p be (-4)/c - (-297)/(-55). Is 193 - p*6/(-15) a prime number?
True
Suppose -18*m + 3*c = -16*m - 3998, 0 = -2*c - 8. Is m a prime number?
True
Let t = -13371 - -13748. Is t a composite number?
True
Is ((-66)/11*(-4)/(-6))/((-76)/1212637) composite?
False
Suppose 0 = -5*m - 2*m + 2709. Suppose -m = -2*c - 337. Is c a composite number?
True
Let f(k) = 3*k - 40. Let l be f(22). Let b = l - 22. Suppose n + b*n = 695. Is n a prime number?
True
Let g = 9696 + 38470. Suppose 0 = 2*v - 5 - 5, -g = -3*t + v. Is t prime?
True
Let o = 156 + -96. Suppose -13*r + r = -o. Suppose 5*n = -r*t + 2299 + 196, -3*t - 2527 = -5*n. Is n a composite number?
False
Let c(z) = -z**3 + 9*z**2 + z - 5. Suppose 0 = t - 3*t + 18. Let k be c(t). Is (5 + -2 + k)*431 prime?
False
Let h = 10821 - 2416. Suppose h + 2299 = 16*i. Is i prime?
False
Let p(g) = 5*g - 5*g + 52*g**2 + 84 + 9*g**2. Is p(-7) a prime number?
False
Let o(b) = 301392*b - 1739. Is o(1) a prime number?
True
Let m(a) = 20 - 2*a + 112*a**2 - 4 + 172*a**2. Let t be m(6). Suppose -3*l + t + 4925 = 0. Is l a composite number?
False
Suppose -4*j + 35 = -3*t - 98, 5*t - 210 = -5*j. Let b = j - 29. Suppose -b*x + 10554 = -2*x. Is x a prime number?
True
Let u be (-12)/(-3) - (-2 + 1). Suppose u*p = p + 12. Suppose 4*d - 4*h - 220 = 0, -p*d + 148 = -2*h - 13. Is d prime?
False
Suppose 6*l - 4905 = -3*l. Let y = l + -198. Is y a prime number?
True
Let o(v) = -6977*v - 948. Is o(-13) a composite number?
False
Let r = 117222 + 8641. Is r a composite number?
False
Let o = -2 - -4. Let i be (o - (1 - 0))/(-1 - 0). Is i/(-3) - 119480/(-30) a prime number?
False
Let s(j) = j**3 + 14*j**2 + 28*j + 48. Let r be s(-12). Suppose -d + 8084 + 8393 = r. Is d composite?
False
Let l be (44/(-20) - -3)/((-2)/(-55)). Let t = -6938 + 20120. Is t/l + 6/(-33) prime?
True
Suppose 15*i + 986945 - 1829254 = 5629756. Is i a composite number?
True
Let z be (2/6)/(-2 + (-62)/(-30)). Suppose -74 = -n - 5*j, -2*n = -6*n + z*j + 346. Let w = n + -1. Is w prime?
True
Let y(v) = 2*v**2 + 22*v + 28. Let s = -38 - -24. Let n be y(s). Suppose n*f + 1582 = 114*f. Is f a prime number?
False
Suppose -3*s = 5*g - 673913, 0*g - 4*g + 3*s = -539098. Is g a composite number?
True
Suppose 30 = -35*c + 40*c, 5*y + 2*c = 5227. Is y a prime number?
False
Suppose 0 = -3*j + 5*r - 12 + 2, -j = r - 10. Suppose -j*v - 4 = -7*v. Is 1682/v*(5 + -4) composite?
True
Is 465037/115*(-4)/((-12)/705) a composite number?
True
Let u(t) = 22*t**3 - t**2 - t + 1. Let l be u(2). Suppose 2*z + 1039 = l. Let x = z + 921. Is x a prime number?
True
Let n(u) = -u**3 - 4*u**2 + 6*u. Let r be n(-7). Let x = r - -1672. Is x composite?
False
Suppose -1 = -2*o + m, 0 = 5*o - 0*m - 2*m - 2. Suppose 5*f - 43894 = -6*b + 4*b, o = -4*b + 8. Let l = 12721 - f. Is l a composite number?
False
Suppose 2*j - 13 = -3*b + j, b + 5 = 2*j. Let x be 0 + 3*b - (-208)/(-52). Suppose -10974 = -x*q + 2*q + p, -p - 18292 = -5*q. Is q a composite number?
False
Let c = -143246 + 498659. Is c prime?
False
Suppose 264*z + 4718597 = 277*z. Is z composite?
False
Let w(g) = -g + 15. Let v be w(11). Suppose v = a + 1. Suppose -a*j + 0 + 3 = 0, 3*k = -2*j + 5603. Is k composite?
False
Let x be (-6 - -7)/(2/10). Suppose -5*m - 6*j - 28 = -3*j, -x*j = -20. Is ((2 + 29)*3)/((-12)/m) composite?
True
Let f = 703679 + -407637. Is f a composite number?
True
Suppose 15*o - 19281 = 942984. Is o a composite number?
False
Let q be (44 - -6 - 0)*(-8)/5. Let o be q/(-70)*(-14)/(-4). Is -2 - (-10668 + 1) - o a prime number?
False
Suppose 0 = y + 4*s - 21, -2*y = -4*s + 7 - 1. Suppose 0*k + k = q - 677, 693 = q - y*k. Is q composite?
False
Suppose q - f - 8748 = 0, 112*f - 111*f = 5*q - 43736. Is q prime?
True
Let f = 6058 - -9373. Is f composite?
True
Suppose -412*w = -429*w + 218059. Is w composite?
True
Suppose -30715 - 127794 = 13*m. Let i = -4046 - m. Is i prime?
True
Let v(s) = 554*s**2 - 134*s + 289. Is v(-23) composite?
False
Suppose -37 = 8*w + 35. Let z(y) = 9*y**2 - 24*y - 38. Is z(w) prime?
True
Let y = 27 - -343. Suppose -3*m - 8 = 2*s + 2*s, 5*s - 1 = -m. Is s*(y - (2 - 5)) prime?
True
Let u be -1 + (-4)/(-4) + 85. Let d be (1068/(-5))/((-17)/u). Is (7/(-28))/((-3)/d) composite?
False
Let n(o) = -o**3 - 6*o**2 + 5*o - 31. Suppose 0 = -3*b - g - 43, 89 = -5*b - 5*g + 4. Is n(b) composite?
False
Let u(a) be the second derivative of a**5/20 + 13*a**4/12 - 29*a**3/6 + 19*a**2/2 - 20*a. Let v be u(-15). Suppose -v*t = -245 - 399. Is t a composite number?
True
Let s = 414 - 296. Suppose 0 = -0*y - y - s. Let i = y - -1217. Is i composite?
True
Let t be -2*(-2)/(-14) - (-4)/14. Suppose t = -3*i + 2*h + 9, i - h - h - 3 = 0. Is 167*i/3 + -4 a prime number?
True
Let k(z) = 50*z - 1209. Is k(35) prime?
True
Suppose 3*r - 245 = 4*w, -5*r + w - 4*w = -360. Let o = r - 73. Suppose 0*m + 5*m - n - 2068 = 0, 2*m - o*n - 832 = 0. Is m a prime number?
False
Let h be -3 + (18496 - 3)/(-1 + 2). Suppose 52098 = 28*i - h. Is i a prime number?
True
Suppose